he prime factors of k/(-9) - c/(-27)?
2
Let x(u) = -u**3 - 5*u**2 + u - 2. Let t be x(-5). What are the prime factors of (-150)/(-14) + (-2)/t?
11
Suppose 25 = m - 0*m. Suppose 3*x = -2*x + m. List the prime factors of x.
5
Suppose 2*d = 2*t - 102, -3*d + 94 = 4*t - 124. List the prime factors of t.
53
Suppose 3*c - 15 = x, 0*c + 2 = -c. List the prime factors of 9/(-15)*(x - 4).
3, 5
Let s be (3/6)/((-2)/(-424)). Suppose -3*n + s = 22. List the prime factors of n.
2, 7
Let i = -5 + 12. Suppose 0 = -4*b + 3*b + i. What are the prime factors of b?
7
Let b(l) = -9*l**3 - l**2 + 2*l - 1. Let u be b(1). Let j = 3 + u. Let n = j - -18. What are the prime factors of n?
2, 3
Let n be 1/(-2 - (-2 - 1)). Let t be (1*0/(-3))/n. Suppose t = -2*b + 1 + 5. What are the prime factors of b?
3
Let r = 10 + -4. Let f = r + 2. What are the prime factors of f?
2
Let o(v) = v**2 + 2*v - 4. Let s be o(-6). Let m = s + -6. Suppose -m = -3*d + 4. What are the prime factors of d?
2, 3
Let x(j) = -11*j - 1. Let z be x(-2). Suppose 3*q - z = -3*b, b - 3*q - 14 = 5. List the prime factors of b.
2, 5
Let f be 1 + 3*(-27)/3. Suppose -2*k + 5*d + 139 - 45 = 0, 0 = 3*k - 5*d - 136. Let t = f + k. List the prime factors of t.
2
Let b(m) = -m - 1. Let j(v) = -3*v + 1. Let c(h) = -4*b(h) + j(h). What are the prime factors of c(8)?
13
Let k = 24 - -27. What are the prime factors of k?
3, 17
Let q(b) = -5*b**2 - 2 + 2*b**2 + 4*b**2. List the prime factors of q(-5).
23
Let n be (2 + 3)/(3/9). Suppose 2*d - 1 - n = -2*i, 12 = 4*d - i. List the prime factors of d.
2
Let b = -23 - -53. Suppose b = l - 2*x, x = 2*l + 2*x - 35. List the prime factors of l.
2, 5
Suppose -5*n + 5*v + 100 = 0, -4*n = -2*v - 15 - 69. Suppose -4*l + n + 34 = 0. List the prime factors of l.
2, 7
Let m = 10 - 7. What are the prime factors of m?
3
List the prime factors of (36/28)/(-3) - 549/(-7).
2, 3, 13
Let u be 33/5 - (-14)/35. Let g be 2/7 + (-2)/u. List the prime factors of g - ((-4 - 0) + 1).
3
What are the prime factors of 66/(-9)*6/(-4)?
11
Let g(q) = -3*q + 5. Let h be 5*(19/(-5) + 3). Let b be g(h). Let j = -11 + b. What are the prime factors of j?
2, 3
Let l(b) = b**2 - 4*b - 3. What are the prime factors of l(-3)?
2, 3
Let d = 1 - -1. Suppose 5*h = 3*v - 7, -5*h + d*h = -12. Let y(f) = -f**2 + 10*f + 4. List the prime factors of y(v).
13
Let z(k) = -k + 1. Let j(q) = -13. Let v(l) = -j(l) + z(l). Let b = -1 + 1. What are the prime factors of v(b)?
2, 7
Suppose 89 = 3*d - 76. Suppose 3*y + 2*y = d. List the prime factors of y.
11
Suppose -z + 3 = 2*z. Suppose 0 = s - 7 + z. List the prime factors of ((-2)/s)/(7/(-231)).
11
Suppose i - 3 = -o, 2*o + 0*i - 7 = -i. Suppose o*r - r - 105 = 0. Suppose 0 = 3*n + 2*v - r, 2*n + 0*n - 25 = -v. List the prime factors of n.
3, 5
Let w = 152 - 111. List the prime factors of w.
41
Suppose -n + 63 = -4*h, -2*h = 4*n - 0*h - 252. What are the prime factors of n?
3, 7
Let r(y) = y**2 + 9*y + 12. Suppose 0 = 2*z + 3 + 13. List the prime factors of r(z).
2
Suppose 6*l - 4*l - 148 = 0. What are the prime factors of l?
2, 37
Let i be 3 - 1 - 0/5. Suppose -l = -i*n + 8, 0*l = -3*n + l + 11. List the prime factors of n.
3
Suppose c - 35 = -4*f, 5*c + 5*f = -0*f + 100. List the prime factors of c.
3, 5
Suppose 4*s + l = -l + 22, 2*s - 4*l = -4. Suppose -4 = 5*y + s*a, 3*a = y - 0*y - 3. Let b(j) = j**3 - j**2 - j + 8. What are the prime factors of b(y)?
2
Suppose 0*u = -5*u + 20. Suppose 5*q = 4*n + 107, u*q + q = 5*n + 105. What are the prime factors of q?
23
Suppose 5*f + 2*a - 21 = 0, -f - 3*a = -4*f. Let b = f + 1. What are the prime factors of b?
2
Suppose -40 = 11*d - 3*d. Suppose 5*t + 7*x - 65 = 2*x, 2*t = 4*x - 4. Let z = t + d. What are the prime factors of z?
3
What are the prime factors of -1 + (25 - (0 - 0/1))?
2, 3
Let i(j) = j**2 + 5*j - 3. Let z be i(-9). What are the prime factors of (-70)/(-22) + (-6)/z?
3
Let c = 11 + -5. What are the prime factors of (-4)/c + (-20)/(-3)?
2, 3
Let s(n) = -2*n. Let z be s(-1). Let h be (z/4)/((-1)/(-18)). Let g = 10 + h. What are the prime factors of g?
19
Let d = -4 - -13. Suppose -u - 9 = d. List the prime factors of (1 + 0)*u/(-3).
2, 3
Suppose 0 = 12*s - 11*s - 155. What are the prime factors of s?
5, 31
Suppose -69 = -y + 43. What are the prime factors of y?
2, 7
Let w = 93 + -54. What are the prime factors of w?
3, 13
Suppose -b - 2*b + 27 = 0. Suppose -2*q = -5*t + 22 - 9, -16 = -q - 5*t. Suppose -d = -b - q. What are the prime factors of d?
2, 5
Suppose -2*b + 4*a + 198 = 0, 2*b - 5 - 198 = -a. Let c = -69 + b. What are the prime factors of c?
2
Suppose 463 + 111 = 7*f. What are the prime factors of f?
2, 41
Let v = -18 - -10. List the prime factors of (-2)/(-8) + (-78)/v.
2, 5
Let c(i) = 2*i + 1 + 1 - 3*i. Let h be c(2). Suppose 0 = t - 3 - h. What are the prime factors of t?
3
Let b = 6 - -1. Let v = b - 1. Suppose -3*w + 18 = -z, -w - v*z + 19 = -2*z. List the prime factors of w.
7
Let d = -13 + -2. List the prime factors of (-201)/(-15) - 9/d.
2, 7
Let z = -8 - -12. Suppose c - 4*x + 2*x = -2, 0 = z*c - 2*x - 10. Let h(g) = -g**2 + 5*g + 1. What are the prime factors of h(c)?
5
Let u = 460 + -316. What are the prime factors of u?
2, 3
Let v = -77 - -128. What are the prime factors of v?
3, 17
List the prime factors of (104/12)/(-1*6/(-9)).
13
Suppose 3*g - 170 = 4*c, 0 = -3*g + g - 3*c + 119. List the prime factors of g.
2, 29
Suppose n - 4*m = -4*n + 7, 0 = -5*n + 5*m + 10. Let a be (-7 - -2)/n + -2. What are the prime factors of (3/(-5))/(a/(-15))?
3
Let p(d) = 2*d**2 + d + 61. What are the prime factors of p(0)?
61
Let w be ((-10)/(-15))/((-3)/(-90)). What are the prime factors of -1 + (w - -1) - -3?
23
Let h(c) = c**3 - 11*c**2 + 12*c - 15. Suppose 2*b - 20 = -0. What are the prime factors of h(b)?
5
Let a = 33 + 0. List the prime factors of a.
3, 11
Let d be (2 - (1 + 8)) + 2. Let w(c) = -c**3 - c**2 + c + 1. Let z(r) = r**3 - 2*r**2 + 5*r + 3. Let b(x) = -2*w(x) - z(x). What are the prime factors of b(d)?
5
Suppose 53 = z - 6. List the prime factors of z.
59
Suppose 105 + 213 = 6*c. What are the prime factors of c?
53
Suppose 0*h + 5*h - 75 = 0. Suppose 0 = -0*b + 5*b - h. Suppose -25 = -i + b*t, 0*i - 2*i + 2*t = -38. List the prime factors of i.
2
Let o be ((-12)/10)/(4/(-10)). Suppose -o*i = -g - 18, -7*i + 14 = g - 2*i. Let b = g + 16. What are the prime factors of b?
2, 5
What are the prime factors of (-2085)/(-21) + 2 - (-6)/(-21)?
101
Let m = 73 + -23. Suppose m = y + y. List the prime factors of y.
5
Let x(i) = -i**3 + 7*i**2 + i - 2. Let s be x(7). Suppose 4*o = 4*b - 1 - 3, -o - 9 = -s*b. List the prime factors of (-1 + 6)/(2 - o).
5
Let o be (-13 + 33)*(-2)/5. Let h(w) = w**3 + 10*w**2 + 12*w + 2. List the prime factors of h(o).
2, 17
Let s(w) = -w**2 - 3*w + 3. Let q be s(2). Let m(g) = -5*g - 6. What are the prime factors of m(q)?
29
Let t(w) = w**2 + w + 1. Let o be t(-2). Suppose v + o*v - 48 = 0. List the prime factors of v.
2, 3
List the prime factors of (-2)/8 + (-627)/(-12).
2, 13
Suppose 0 = -5*g + 5 - 35. Suppose -11 = 3*h - 3*d + 4, -2*d = 2*h + 30. Let k = g - h. List the prime factors of k.
2
Let s(o) = -o**2 + 10*o. Suppose 9*v - 4*v = 35. List the prime factors of s(v).
3, 7
Let l(d) = d**3 + 7*d**2 - 2*d + 1. Let u be l(-7). Suppose 4*s + s = u. List the prime factors of s.
3
Let b be 498/54 + (-2)/9. Let n be 228/b - 4/(-6). Suppose -n = -3*s + 19. List the prime factors of s.
3, 5
Suppose -4*l + 422 = -3*f - 428, 0 = f + 2. List the prime factors of l.
211
Let b be (9/(-6))/(1/(-4)). Suppose 12 = 2*h + 2*h. Suppose 2*d - h*d = -b. What are the prime factors of d?
2, 3
Suppose 2*d = -d + 117. List the prime factors of d.
3, 13
Let q(r) = 4*r**2 + r - 2. Let n = 3 - 5. List the prime factors of q(n).
2, 3
Suppose 2*y - 7*y = -x - 17, -15 = 3*x - 3*y. What are the prime factors of 23*x*10/(-20)?
23
Let s be 16/(-3)*(-9)/6. Let q = 12 - s. List the prime factors of 8*1 + q/(-2).
2, 3
Let i be -4 + 2 - (0 - 3). Suppose 0 = h - 13 + i. Let t = h - 5. List the prime factors of t.
7
Let c(v) = -v**2 - 5*v + 8. Let n = 2 - 9. Let a be c(n). What are the prime factors of a/3 + -2 + 8?
2
Let m = 10 + -7. Let g = m - 3. Suppose g = 3*d - 3 - 33. List the prime factors of d.
2, 3